t o = -2 + z. What is the units digit of o?
6
Let t(j) = 30*j**2 + 335*j + 42. What is the tens digit of t(-18)?
3
Let g(f) = 10*f**3 - 2*f + 1. Let s(m) be the second derivative of -m**5/20 - m**4/6 + m**3/3 - m**2 - 4*m. Let u be s(-3). What is the units digit of g(u)?
9
Let s(l) = 6*l**2 - 3*l. Let u be s(2). Suppose -4*c - 41 = -4*d + 3, -3*d = 9. What is the units digit of u/(-42) + (-118)/c?
8
What is the tens digit of 30*11 + 24 + -21?
3
Suppose v - 8*v = 42. Let c = -1 - v. What is the units digit of c?
5
Suppose 4*s + 3*s = 0. What is the units digit of 606/4*(s + 6/9)?
1
Let b = 3275 - -669. What is the tens digit of b?
4
Let k(s) = s**3 + 14*s**2 + 10*s + 4. Let n(p) = -2*p**3 - 29*p**2 - 21*p - 7. Let u(r) = 7*k(r) + 3*n(r). What is the tens digit of u(-7)?
5
Suppose -5 = -22*k + 21*k. Let t(s) = 38*s - 32. What is the tens digit of t(k)?
5
Let k(b) be the second derivative of b**6/120 - b**5/60 - 3*b**4/4 + 11*b. Let x(t) be the third derivative of k(t). What is the tens digit of x(4)?
2
Let b(m) = 104*m**3 + 8*m**2 + m + 5. What is the hundreds digit of b(3)?
8
Let f(s) = s**3 + 5*s**2 + 6*s + 5. Let g be f(-3). Suppose 6*o + 1414 = 5*d + g*o, 3*d = -3*o + 852. What is the units digit of d?
3
Suppose -19*q = -q - 23400. What is the tens digit of q?
0
Suppose 0 = y - 1 - 0, -5*y + 49 = -4*x. Let m(u) = 2*u**2 - 10*u + 15. Let r be m(5). Let a = x + r. What is the units digit of a?
4
Let a(b) = 2*b + 12. Let s be a(-5). Suppose 0 - 6 = s*l. What is the tens digit of (62/l)/((-10)/15)?
3
Let n = -238 - -469. Suppose 6*c - 93 = n. What is the tens digit of c?
5
Suppose 0 = 2*p - 14. Let w(g) = -g**2 + 9*g - 8. Let t be w(5). Suppose -p*k = -t*k + 60. What is the units digit of k?
2
Suppose -1414 + 3768 = 11*t. What is the units digit of t?
4
Suppose 4*m + 8 = 8*m. Let l(s) = 14*s + 10 + 0 + 8 + s**m + 0. What is the tens digit of l(-17)?
6
Let z = 78 - 73. Let n(a) = a**3 - 5*a**2 + 5*a - 5. What is the units digit of n(z)?
0
Suppose 957 = 7*f - 359. What is the units digit of f?
8
Suppose -2*s = 4*i - 6*s - 19068, -2*s = i - 4752. What is the thousands digit of i?
4
Suppose -43353 = -36*u + 18603. What is the units digit of u?
1
Let o(v) = -4*v**3 - 7*v**2 + v - 11. What is the tens digit of o(-6)?
9
Suppose 32*f = 34*f + 2. What is the tens digit of 374/6 + f/3?
6
Let h = 1584 + -593. What is the tens digit of h?
9
Suppose -4*t + 8 = 0, t - 334 = -p + 684. What is the units digit of p?
6
Let v(z) = z**2 + 8*z - 2. Let n be v(-7). Let d = -8 - n. What is the tens digit of 117/9 + d*-2?
1
Suppose 15*h = 826 + 824. What is the tens digit of h?
1
Suppose -2*m + 2*r = -10, 5*m - 6*r + 2*r = 27. Let s(v) = -5*v - 7. Let c(l) = l - 1. Let o(h) = -6*c(h) - s(h). What is the units digit of o(m)?
6
Suppose 2*v - 3*p - 534 = -0*p, -2*p + 281 = v. What is the tens digit of v?
7
Let i(u) = 29*u - 78. What is the tens digit of i(10)?
1
Let q be (1 + (-4)/(-12))*(-18)/(-2). Suppose -15*n + 402 = -q*n. What is the hundreds digit of n?
1
Suppose -4*b + r + 2435 = 0, -4*r - 792 = -5*b + 2260. What is the tens digit of b?
0
Let h(r) = -43*r - 18. Let u be (4/5)/((-50)/375). What is the hundreds digit of h(u)?
2
Suppose 0 = 3*n - 2 - 13. Suppose -5*o = 10, -n*h + o = 6*o - 210. What is the tens digit of h?
4
Let b(q) = -95*q + 198. What is the tens digit of b(-7)?
6
Let d = -647 + 1262. What is the tens digit of d?
1
Let j(x) = -x - 12. Let o be j(-10). Let p = 1 - o. What is the units digit of 1/(p + 24/(-9))?
3
Suppose t = 5*t - 40. Let x = 91 + -92. What is the units digit of 3/((-7)/t - x)?
0
Let f = -534 - -951. Suppose 5*w - f = -67. What is the tens digit of w?
7
Let n = 22 + -12. Let d(t) be the second derivative of t**4/12 - 4*t**3/3 - 4*t**2 + 4*t. What is the units digit of d(n)?
2
Let t = 60 - 52. What is the units digit of (3 + 1*-1)*480/t?
0
Suppose -f + 4*f = -6. Let g = 55 + f. What is the tens digit of g?
5
Suppose 3*o + 5*g - 1399 = 0, 4*o = -2*g + 5 + 1837. Suppose -827 = -5*x + o. What is the hundreds digit of x?
2
Let q = -9 + 9. Suppose 3*h + h + 2*c - 16 = q, 0 = 2*c - 8. Suppose 92 = 2*w + 4*z, 5*w = -h*z + 122 + 76. What is the units digit of w?
8
Suppose 5*c - 7*d + 2*d = 30, d = -2. Suppose -c*w = j - 38 - 34, 3*w = 2*j + 54. What is the units digit of w?
8
Suppose q + 2*u = 10, -q + 2*q - 13 = -3*u. Suppose q*g + 0*g = 192. What is the tens digit of g?
4
Let o be (1 + (-4)/8)*(-904)/(-4). Let n = o - -43. What is the units digit of n?
6
Suppose 2 - 7 = -5*u, 4*t = 4*u + 8. Suppose t*z - 115 = 2*d - 4*d, -2*d + 90 = -2*z. What is the units digit of d?
0
Let s(u) = u**2 - 3*u + 14. Let a be s(9). Let c = a + -41. What is the tens digit of c?
2
Let m = -5 + 49. Suppose 0 = -7*b + 523 + m. What is the tens digit of b?
8
Let h be -1*(-2 + 1) - 11. Let p(o) = o**2 - 10*o + 11. Let t be p(8). Let n = t - h. What is the units digit of n?
5
Suppose 11*l = 15116 + 4992. What is the hundreds digit of l?
8
Suppose 0 = -0*m + m + 2. Let o be (m/(-4))/((-1)/(-24)). Suppose 5*g = -x + o, 2*x = -3*g + x + 8. What is the units digit of g?
2
Let x be 0/(-3*(-6)/(-9)). Suppose -3*f = g - x*g + 12, 5*g + 24 = -3*f. What is the units digit of 6/f - (1 - 10)?
7
What is the units digit of (-12)/(-2) + 1448/((-40)/(-5))?
7
Let n(b) be the second derivative of b**5/4 - 5*b**4/12 + b**3/2 - 2*b**2 + 2*b. Let s be n(3). Suppose -s = -3*q - 2*q. What is the tens digit of q?
1
Let l = 1199 + -752. What is the units digit of l?
7
Suppose 10 = -2*h + 5*m, m + 2*m = -6. Let o = 16 + h. Suppose -3*a + o - 3 = 0. What is the units digit of a?
1
Let u be (-1)/(((-2)/129)/2). Suppose -n + m = 6*m - 133, n - u = -3*m. What is the units digit of n?
3
Let j(z) = -z**3 + 10*z**2 + 36*z - 5. What is the tens digit of j(11)?
7
Let s(i) = 3065*i**2 - 9*i - 7. What is the units digit of s(-1)?
7
Let u = -4 + 7. Suppose 1 = u*m + 13. Let o(x) = 3*x**2 - x. What is the tens digit of o(m)?
5
Suppose -2725 = 11*f - 36*f. What is the hundreds digit of f?
1
Suppose 1 = 2*i - 3. Suppose h = i*r - 28, 0 = -3*r + 3*h + h + 37. What is the units digit of (-64)/(-10) + (-6)/r?
6
Suppose 0 = -71*a + 78*a - 23597. What is the hundreds digit of a?
3
Suppose 15*m = 2820 + 6375. What is the hundreds digit of m?
6
Suppose -l - s + 904 = l, -4*l + 4*s + 1820 = 0. Suppose 239 = 3*c - 2*g, -g + 126 = -4*c + l. What is the tens digit of c?
8
Suppose -4*f - 4*r + 2896 = 0, 4*f + 3*r + 136 = 3035. What is the hundreds digit of f?
7
Suppose 5*z - 2*r - 2490 = 0, 5*z + 1017 = 7*z - 5*r. What is the hundreds digit of z?
4
Suppose z + 5*l - 51 + 17 = 0, 3*l - 44 = -z. Let q = 0 + -34. Let t = z + q. What is the tens digit of t?
2
What is the tens digit of 4/(-5)*5 - (-1083 + 1)?
7
Suppose -3*n - 56 = -5*h - 200, -114 = -3*n - 5*h. Suppose 0 = -m - 5, -5*m + n = o - 0*o. What is the tens digit of o?
6
Let d = 1171 - 1160. What is the units digit of d?
1
Suppose -2*q = v - 5974, -12470 + 516 = -2*v - q. What is the units digit of v?
8
What is the units digit of 18*((-42)/16)/((-1)/12)?
7
Suppose -2*f - 3*h = h - 1166, 4*h + 1719 = 3*f. What is the units digit of f?
7
Let v(a) = -4*a**2 + 6*a - 8 + 7*a**2 - 2*a. What is the units digit of v(-4)?
4
Let m = 549 + 70. What is the units digit of m?
9
Suppose 0 = 5*r - 4*o + 34 + 2, -o + 39 = -5*r. Let h = r + 11. Suppose -h*c - 52 = -163. What is the units digit of c?
7
What is the units digit of 378/(-36)*(2712/9)/(-2)?
2
Suppose -u + 132 = -y - 0*y, -2*y = 5*u - 625. Let p be (-1*2/(-4))/((-3)/294). Let j = p + u. What is the tens digit of j?
7
What is the tens digit of (33080/(-140))/((-8)/140)?
3
Suppose -k + 4 = k. Suppose -2*l + 4 = -26. Suppose -k*a - a = -l. What is the units digit of a?
5
Suppose -7*v + 25 = -3. Suppose 57 = j - g, -3*j + j - v*g = -144. What is the units digit of j?
2
Let z = 49 + -64. What is the tens digit of ((-316)/10)/(6/z)?
7
Let d(a) be the first derivative of 4*a**3/3 + a**2/2 - 6*a + 5. What is the tens digit of d(-5)?
8
Suppose 13*y - 18*y = -20. Suppose 14 = -6*f - y. Let w(v) = 3*v**2 + 2*v + 1. What is the units digit of w(f)?
2
Suppose -2*z + 3*v = -727, -4*v = -4*z + 658 + 794. What is the tens digit of z?
6
Suppose -22 = -4*d - 194. Let j = d + 91. What is the tens digit of j?
4
Let z be 1/2*(5 - -1). S